me number?
True
Let y(d) = d**3 + 18*d**2 - 24*d + 17. Is y(-13) composite?
True
Suppose -19943 = -5*m - p, -2377 = -2*m + 4*p + 5609. Is m a prime number?
True
Is ((-1296)/(-720))/((-3)/(-5905)) composite?
True
Is (-48)/8 - 90366/(-6) a composite number?
True
Let t be -1*27/2*-12. Suppose -2*f - t = 5*o, -5*f - 3*o + o = 384. Is -2 - -2 - -1 - f prime?
False
Let n(o) = -o**3 + 4*o**2 + 18*o - 10. Let i be n(6). Suppose l - 54 = 5*j, 2*j - 142 = -2*l + i. Is l a prime number?
True
Suppose 2302 + 2216 = 3*t. Suppose -5*m + 339 + t = 0. Is m/7 - (-6)/21 a prime number?
True
Let k = 14 - 12. Is -2 + (405 - k/1) a prime number?
True
Let h(g) = g**3 - 4*g. Let t(a) = 2*a**3 - 7*a. Let y(r) = -5*h(r) + 3*t(r). Let n be y(0). Suppose -4*c + 209 = 3*d, 2*d - 6*d - 5*c + 278 = n. Is d composite?
False
Let f be 3/(-2) + 9/6. Suppose 2*o - 59 = 127. Suppose 3*s - o = -f*s. Is s prime?
True
Let v = -5192 - 3670. Is (4/10)/(3 + v/2955) prime?
False
Let m be -2 + (-9)/(-3) + 2. Suppose -m*l - l = -2192. Suppose 356 + l = 4*p. Is p composite?
True
Let d(l) be the second derivative of l**5/20 - l**4/3 - 5*l**3/6 + 3*l**2/2 - 10*l. Let y be d(5). Suppose 289 + 92 = y*g. Is g a prime number?
True
Suppose -8523 = 19*t - 22*t. Let q = -1690 + t. Is q a prime number?
True
Is (-10)/(-150)*-11283*-5 a composite number?
False
Let l = 7357 + -3734. Is l a composite number?
False
Suppose 2*j + 5*n + 16 = 0, -2*j - 18 = -j + 5*n. Suppose -j*x - d = -9, -d + 9 = 5*x - 6. Suppose 3*i = f - 34, i - 81 = -4*f + x*i. Is f a prime number?
True
Let p = 3202 - 1588. Let j = 3185 - p. Is j a composite number?
False
Let l be (-20056)/(-6) - 26/39. Let t = -11 - -15. Suppose -t*n + l = 2*n. Is n a composite number?
False
Let x be (9/4)/9 - (-7)/4. Suppose 3*w - 7*w + 1284 = 0. Suppose 197 + w = x*v. Is v prime?
False
Let r = -940 - -2751. Is r prime?
True
Let l(t) be the first derivative of -1/2*t**2 + 5 + 2/3*t**3 + t - 45/4*t**4. Is l(-2) a prime number?
False
Let m be (12/(-20))/((-1)/5). Is m/(6/8) - -310 a composite number?
True
Let v(y) = 2*y + 4. Let z be v(-2). Suppose 0 = 2*n + 1 + 3, 2*w - 2*n - 1150 = z. Is w prime?
False
Let g(d) = 97*d + 34. Let t(k) = 2*k**2 + 23*k + 34. Let w be t(-10). Is g(w) composite?
True
Suppose 5*k - 8 = 2. Let w be 3 + (-5)/((-5)/k). Suppose l - 689 = -w*p - 222, -p - 2335 = -5*l. Is l a prime number?
True
Suppose -v + 9379 = -2*h, 14*v + 9372 = 15*v + 5*h. Is v a prime number?
True
Let b(l) = 15*l - 33. Let m(t) = t - 2. Let k(r) = 2*b(r) - 33*m(r). Let c be k(-1). Suppose 0 = 2*f + 5*j - 221, 4*f = -2*j - c*j + 467. Is f prime?
False
Suppose -5*h + 8*q + 25 = 3*q, -4*q = 20. Suppose -3*m = -3*d - 924, 5*d - 2*d + 3 = h. Is m prime?
True
Suppose 41*n - 2 = 42*n, -4*m + 36720 = 2*n. Is m prime?
True
Let p(k) = 5*k - 6*k + 0*k**2 + k**2 + 3 - 2*k + 122*k**3. Is p(2) a composite number?
False
Suppose -2*k - 4*p = k - 18, 2*p = -4*k + 14. Suppose -d + 3 = k*d. Is (171/(-36))/(d/(-68)) a prime number?
False
Suppose -4*j + 6 = -10. Suppose -4*a + j*i + 104 = 0, -i = 3*a + 3*i - 57. Is a prime?
True
Let b = -20 + 21. Let l(z) = 157*z**3 + z**2 - 1. Is l(b) composite?
False
Suppose 11*z - 16*z = -4105. Is z composite?
False
Let z = 644 - 1346. Let h = z + -5. Let n = h + 1000. Is n composite?
False
Suppose -z = 4*z - 4395. Suppose 0 = -m + 4*m - z. Is m a composite number?
False
Suppose -10 = -a + 14. Let u be a/9 - (-4)/(-6). Suppose -120 = -5*k + 5*m, -u*m = k + 3*m - 6. Is k prime?
False
Let i(n) = -28*n**2 + 7*n + 3. Let s be i(-5). Let j = 605 - s. Is j a composite number?
True
Suppose -m - h + 1 = 0, 2*h + 3 = 4*m + 23. Let v be -2*(-2 + -2) + m. Suppose 2*c = 4*u + 682, 0*u - 1678 = -v*c + u. Is c a composite number?
True
Let s = -18 - -1. Let x(m) = -m - 14. Let y be x(s). Suppose -y*d = v - 887, -d - v + 1182 = 3*d. Is d a prime number?
False
Let h(d) = d**2 + 10*d + 13. Suppose -7*w = w + 64. Let b be h(w). Let p(j) = 201*j**2 + 3*j + 1. Is p(b) a prime number?
True
Let w(x) = -x**3 + 1710. Let j be w(0). Suppose 5*c - 1460 = 5*g, j - 542 = 4*c - 5*g. Suppose -p - 3*i = -c, -4*p - 3*i = -462 - 751. Is p a composite number?
False
Suppose -2*a + 99 - 25 = 0. Suppose -2*z + 23 = 3*k - a, 0 = 5*z - 5*k - 200. Is 6092/z + 2/(-9) composite?
True
Suppose -21*u + 18*u - 2*f = -124557, -2*u + 83054 = -4*f. Is u a prime number?
True
Suppose -1602 = -3*y + y. Let m = -427 + y. Let k = m + -1. Is k a prime number?
True
Let q be (-12)/2 + 1 - (40 + -47). Let k(f) = 117*f**2 + 5*f - 2. Let b(y) = 235*y**2 + 10*y - 5. Let a(n) = 3*b(n) - 5*k(n). Is a(q) prime?
False
Let f(j) = -2*j + 3 - 7 + 5 - 9*j. Let d = 8 + -16. Is f(d) composite?
False
Let i(k) = -k**2 + 5*k. Let a be 1 - 5/1*-1. Let y be i(a). Is 2/(-4) - 2517/y a composite number?
False
Let w(l) be the first derivative of -12*l**3 - 4*l + 2. Let i be w(2). Is (-7)/((12/i)/3) composite?
True
Let b(v) be the first derivative of 13*v**4/2 + v**3 - 3*v**2/2 + 3. Let q be b(-3). Let x = q - -1167. Is x a prime number?
False
Let z be (-35)/(-15)*-2*(-6)/7. Suppose 5*v - 4*o = 1281, 18 + 504 = 2*v - z*o. Is v prime?
False
Let f = 1395 - -1054. Is f a composite number?
True
Let m be 3 - (1 + -2)*2. Suppose 0*b - b = o - 6, o = -m*b + 14. Suppose -3*d = 5*p - 287, -b*p - 5*d - 87 = -217. Is p a composite number?
True
Is (8/(-2))/(224/(-145096)) composite?
False
Let c(y) = 439*y**3 + 3*y**2 - 2*y + 49. Is c(6) a composite number?
True
Let z(w) = -w + 1. Let b(h) = -18*h. Let u(k) = -b(k) + 3*z(k). Let m(y) = -14*y - 3. Let a(v) = 5*m(v) + 6*u(v). Is a(4) composite?
False
Let u(v) be the third derivative of -41*v**6/120 + v**5/30 + v**4/12 + 3*v**3/2 - 29*v**2. Is u(-4) composite?
False
Let c(m) = -7*m**2 - 20*m - 15. Let y be c(11). Let s = y - -2613. Is s composite?
False
Suppose 0 = -u + 472 + 877. Let n = 2316 - u. Is n composite?
False
Suppose -5*c - 201 = -i - 4557, c - 873 = 2*i. Let o = c + 1290. Is o composite?
False
Suppose 0 + 4 = x. Suppose -x*f - f - 740 = 0. Is (f/(-10))/(4/10) composite?
False
Suppose -176*l + 190*l = 392714. Is l composite?
False
Suppose 12*c - 2889 = 24915. Suppose -r = 6*r - c. Is r a prime number?
True
Suppose 4*r - 7890 = 3346. Is r prime?
False
Let r(j) = -10*j**3 + 14*j**2 - 4*j + 11. Is r(-5) a prime number?
False
Suppose -14*x = -27003 + 2377. Is x a composite number?
False
Let q(h) = -1626*h + 29. Let m be q(-6). Suppose -12*z + 2323 = -m. Is z a composite number?
False
Suppose 0 = -4*a + 5*s + 36, 3*s + 4 = -2*a - 0*s. Suppose -4 - a = -4*n. Is (4 + -3)/(n/178) a composite number?
False
Let x(k) = 204*k**2 + 39*k - 47. Is x(10) prime?
True
Let t = 17912 + -1611. Is t composite?
False
Suppose -2*b + 29 - 3 = -2*p, -2*b + 5*p = -38. Suppose 0 = -3*r + 546 + b. Is r composite?
True
Let a be 173 - (3 - 4)/(-1). Suppose r - 617 = a. Suppose -3*p + r + 168 = 0. Is p composite?
True
Suppose 7*i - 1856 = 13. Is i a prime number?
False
Let k = -730 - -2577. Is k composite?
False
Suppose -10198 = -t - 2384. Is t composite?
True
Suppose 0 = 2*s + 5*w - 15788, -6*s + 31588 = -2*s + 4*w. Is s a composite number?
True
Is 8 + -4 + (675 - 2) a composite number?
False
Suppose 10*s = 160571 + 22979. Is s composite?
True
Suppose 0 = -4*z + z - 6. Is -2 + z - (-1466 - -8) a composite number?
True
Let k(t) = 12510*t**2 - 8*t + 11. Is k(2) a prime number?
False
Suppose -s + 1742 = -0*s + 5*v, 5*v - 6983 = -4*s. Is s composite?
False
Let j(p) = 9*p**2 - 23*p + 619. Is j(28) a prime number?
False
Let v(f) = f**2 - 9*f - 12. Let y be v(10). Let b be 65*11 + (-15)/(-5). Is 1/(-4)*y*b composite?
False
Let c(u) = -63*u**2 - 22*u + 27. Let a(q) = 31*q**2 + 11*q - 13. Let p(f) = 7*a(f) + 3*c(f). Is p(5) prime?
False
Let z = 9115 - -2172. Is z composite?
False
Suppose 2*f - 5*h - 18944 = 0, -5*f + 18940 = -3*f - 3*h. Is f a composite number?
False
Let z(a) = a**3 - 4*a**2 - 6*a + 6. Let q be z(5). Let x(o) = -q - 2 - 10 + 5*o. Is x(10) prime?
True
Let o(z) = -z**2 + z - 1. Let r(u) = 287*u**2 + 5*u - 6. Let s(a) = 4*o(a) - r(a). Let g(l) be the first derivative of s(l). Is g(-1) a prime number?
False
Suppose 14*a + 17798 = 16*a. Is a a composite number?
True
Let n be (3/(-3))/(1 - 2). Let v be n + (-4 - 2)/(-2). Suppose 0 = -v*a - z + 2959, 10*z = -4*a + 5*z + 2971. Is a composite?
False
S